*h + 52. Let r(y) = -6*d(y) - 17*i(y). What is the remainder when r(-7) is divided by 19?
16
Suppose -4*l = l - 285. Suppose 8*h = 5*h + l. Calculate the remainder when 72 is divided by h.
15
Let b(r) = -3*r - 2. Let a(l) = 2*l**3 - 11*l**2 - 62*l + 2. What is the remainder when a(9) is divided by b(-2)?
3
Let w = 6439 + -4348. Calculate the remainder when w is divided by 91.
89
Let c(g) = 11*g - 6*g - 10 - g + g. Calculate the remainder when c(11) is divided by 16.
13
Calculate the remainder when 4 + 2/((-16)/(-968)) is divided by 65.
60
Let f(v) be the third derivative of v**6/120 + v**5/15 - v**4/8 - v**3/2 + 3*v**2. Calculate the remainder when f(2) is divided by 8.
7
Suppose -l = 10*y - 13*y + 155, 261 = 5*y + l. Calculate the remainder when y is divided by 37.
15
Suppose 2*k - 7*k + 20 = 0. Suppose 2*j - 4 = -2*j + 4*m, 0 = -k*m. What is the remainder when 94 is divided by (1/(-2))/(j/(-48))?
22
Let r(u) be the first derivative of -u**4/4 - 2*u**3 + 7*u**2/2 + 16*u + 2. What is the remainder when r(-7) is divided by (-3)/2*(-2 - 4)?
7
Let a(s) = -s**3 - 11*s**2 - 3*s + 15. Calculate the remainder when 232 is divided by a(-11).
40
Suppose 95 - 212 = -3*f. What is the remainder when 193 is divided by f?
37
Let g = -54 + 56. Suppose -75 = -g*h - 9. What is the remainder when 65 is divided by h?
32
Let l be ((-12)/(-15))/(-2 - (-36)/15). Suppose l*c + 105 = 5*c. What is the remainder when 66 is divided by c?
31
Let t = 31 - 20. What is the remainder when ((-23)/(-4))/((-10)/(-40)) is divided by t + 4 + (-4 - -1)?
11
Suppose -6*h = -2*h + 16. Let x(j) = 3*j**2 + 5*j + 3. Calculate the remainder when x(h) is divided by 16.
15
Suppose -66*l + 69*l - 507 = -3*v, -v = 4*l - 175. What is the remainder when v is divided by 46?
29
Let i(w) = -12*w**3 - 3*w**2 + 7. What is the remainder when i(-3) is divided by 51?
49
Suppose 86 = 2*r - 5*s, 2*s + 2*s = 3*r - 143. Calculate the remainder when 122 is divided by r.
16
What is the remainder when (-2654)/(-8) - ((-330)/(-88))/(-3) is divided by 90?
63
Let u = 86 + -154. Let h = u + 96. What is the remainder when 110 is divided by h?
26
Suppose -31*d + 47*d = -48. Suppose -96 = l - 5*l. Calculate the remainder when 9 is divided by d/l*-4*6.
0
Let x(h) = h**2 + 4*h - 25. Suppose 4*a - 2*z + 52 = 184, 0 = 3*a + 2*z - 113. What is the remainder when a is divided by x(5)?
15
Let f be 1 - -9*4/(-6). Calculate the remainder when 7/(-21) + (-64)/(-3) is divided by ((-4)/f)/(2/15).
3
Suppose 0 = 5*u + 543 - 808. Calculate the remainder when 210 is divided by u.
51
Let v(m) = 35*m**2 + 3*m + 8. Calculate the remainder when v(3) is divided by 38.
28
Suppose 5*u = -2*h + 147, 4*h - 145 - 158 = -u. What is the remainder when 296 is divided by h?
68
Let u be ((-2)/3)/(1/(-3)). Suppose -3*z - 5 + 2 = 0, -37 = -5*j + u*z. Suppose 20*x + 351 = 33*x. Calculate the remainder when x is divided by j.
6
Let u(m) = -4*m - 2. Suppose 120 = 9*h - 240. Calculate the remainder when h is divided by u(-2).
4
Let m(b) = -8*b - 10. Let t(x) = -3*x - 3. Let u(k) = 4*m(k) - 11*t(k). Let v be u(3). What is the remainder when 49 is divided by (-5 - v)/(4/(-68))?
15
Suppose -15*x + 31 = -29. Suppose 0 = -4*v + 5*v - 4. Suppose 0*h - v*h + 4 = 0. What is the remainder when x is divided by h?
0
Suppose -y + 3*a + 4 + 14 = 0, 3*a = 6. What is the remainder when 187 is divided by y?
19
Let q be (-64)/(-24) + (-2)/(-6). Suppose 65 = 4*y + 5*d, 5*y - 2*d = q*y + 28. Calculate the remainder when 28 is divided by y.
13
Suppose 2*u - 20 = 2*o, u + 35 = 4*u - 4*o. Suppose -u*t = 4*i - 45, 9*t - 4*t = 25. Suppose -i = -q + 10. What is the remainder when 57 is divided by q?
12
Suppose 5 + 5 = 2*m. Suppose 15 = -2*i + 7*i, -3*v + 39 = m*i. Let y(r) = r**2 - 7*r + 12. What is the remainder when y(v) is divided by 11?
9
Let l(a) = 2*a**2 - 6*a - 2. Let m(r) = -3*r**2 + 2*r + 1. Let p be m(-1). Let i(s) = -2*s**2 + 19*s - 10. What is the remainder when l(p) is divided by i(8)?
12
Suppose -4*x + 7 = -7*x + 4*n, 2*x + 2 = 2*n. Suppose -4*j - j = -x*p + 44, 0 = 4*p + 2*j - 50. What is the remainder when 50 is divided by p?
11
Let k = -260 - -283. What is the remainder when 112 is divided by k?
20
Let g(z) = z**2 - 2*z - 3. Let k be g(4). Suppose k*a + 5*b = b + 54, a - 14 = -4*b. What is the remainder when 38 is divided by a?
8
Let s = -31 + 60. Calculate the remainder when s is divided by (548/18)/2 - (-34)/(-153).
14
Suppose -16*l + 47*l - 1426 = 0. Calculate the remainder when l is divided by 12.
10
Let o = -45 + 147. Let a be o/(-18) + 2/3. Let s = a - -21. Calculate the remainder when 46 is divided by s.
14
Suppose -65 = -5*i - u, 0 = -2*i - u - 2*u + 26. Suppose -2*f = 15 - 81. What is the remainder when f is divided by i?
7
Let a = -4 - -4. Suppose a = -4*f + 5*i + 89, -3*f + 68 = -5*i - 0*i. Suppose 2*g = -g + 18. Calculate the remainder when f is divided by g.
3
Let x(r) = 20*r - 13. Let g be x(-3). Let q = g + 105. Calculate the remainder when 223 is divided by q.
31
Let x be (-18)/(-4)*-1*1054/(-51). Let f = x + -73. Calculate the remainder when 239 is divided by f.
19
Let i be ((290/(-8))/5)/(1/(-8)). Suppose d = -3*d + 2*b + 142, i = d + 4*b. Calculate the remainder when d is divided by 13.
12
Suppose 3*m + 6 = 0, 5*m + 94 = y - 26. Let i = -101 + y. Calculate the remainder when 61 is divided by i.
7
Let o = 949 - 517. Calculate the remainder when o is divided by 31.
29
Let h(c) = -c**2 + 3*c + 6. Let z be h(4). Suppose -2*f + 3*q = -z*q + 13, -f - 2*q + 16 = 0. What is the remainder when 17 is divided by f?
5
Let v = 497 + -373. Calculate the remainder when 137 is divided by v.
13
Suppose 271 + 273 = 32*t. Calculate the remainder when 82 is divided by t.
14
Calculate the remainder when ((-516)/24)/((-12)/24) is divided by 20.
3
Suppose 34 - 238 = -4*p. Suppose -7*g + 67 = 4. Calculate the remainder when p is divided by g.
6
Let f(z) = 108*z**2 + 11*z + 4. Let j be (12 - 2)/(2/1). Suppose 2*o - 120 = -j*x, 2*o + 31 = x + o. What is the remainder when f(-1) is divided by x?
23
Suppose a - 3*a + 24 = 0. Suppose -z = 5*w - 3 - 30, 5*w + 4*z - 27 = 0. Let g = w + 0. What is the remainder when a is divided by g?
5
Suppose 12 = m - j + 1, -4*m - 4*j = -52. Suppose m*g = -2*g + 266. What is the remainder when 69 is divided by g?
12
Let n = 18 - 7. Calculate the remainder when ((-172)/(-24))/(20/120) is divided by n.
10
Let b(q) = -q**2 + 28*q + 1. Let a(h) = -h**2 - h + 1. Let x(l) = -a(l) - b(l). What is the remainder when x(15) is divided by 12?
7
Suppose 7*l + 12*l - 171 = 0. Suppose 10 = t - 4. What is the remainder when t is divided by l?
5
Suppose 2*l + 146 = -5*s, -3*s - 4*l - 87 = -3*l. Let w = 1 - s. Calculate the remainder when w is divided by 8.
5
Suppose w - 9 = 4*l, 11 = w + w - l. Suppose -3*m + w*g + 6 = -73, 28 = m - 2*g. Calculate the remainder when m is divided by 10.
8
Let q(t) = -t**2 - 19*t + 195. What is the remainder when 817 is divided by q(-26)?
11
Let m = -19 - -19. Let k be (m - 2) + 0 - 13. Let f = k - -25. What is the remainder when 27 is divided by f?
7
Let i be 1/((-4)/(-20)) - 0. Suppose -i*u = -16*u + 33. Calculate the remainder when 34 is divided by u.
1
Let w(m) = -m**2 + 11*m + 1. Let p(q) = -6*q**2 + 15*q + 1. Calculate the remainder when w(9) is divided by p(2).
5
Let g(b) = -4*b - 14. Let z be g(-6). Let o(r) = 10*r + 20. Let j be o(z). Let k = j - 69. Calculate the remainder when k is divided by 27.
24
Let n(a) = -10*a**3 - 2*a**2 - 2*a - 1. Let y be n(-1). Let v = y - 4. Let d(t) = 3*t - 2. Calculate the remainder when 36 is divided by d(v).
10
Let m(w) = -71*w - 752. What is the remainder when 198 is divided by m(-12)?
98
Suppose -6 = 2*v, -3*h - 3*v + 6 = -9. Suppose 16 = 8*u - 96. What is the remainder when u is divided by h?
6
Suppose 0 = -2*o + z + 56, 12*o - 10*o + 2*z - 68 = 0. Calculate the remainder when 85 is divided by o.
25
Let o = 242 + -149. Let g = -303 + 322. Calculate the remainder when o is divided by g.
17
Let j(g) = g**3 - 9*g**2 - 10*g + 5. Let f be j(10). Calculate the remainder when 5 is divided by (f/15)/((-4)/(-48)).
1
Suppose 33 = 4*l - 4*z + 7*z, -2*l + 4*z = -44. What is the remainder when 1054 is divided by l?
10
Let c be (-2)/(-6)*-3 + 3. Let n = c - -12. Suppose 0 = -3*i + 3*h